t is the hundreds digit of v?
6
Let w = 195 + -178. Suppose -h + 2*j = -499, -13*j = 4*h - w*j - 1980. What is the hundreds digit of h?
4
Let b be (-1)/2 - 238/(-4). Let g be -2 + 1/(7/28). Suppose -3*z - b = -4*w, -g*w - z + 43 = 2*z. What is the units digit of w?
7
Suppose 4*m + 25 + 39 = 0. Let p be -3 + 65/25 + 216/15. Let b = p - m. What is the tens digit of b?
3
Let o(a) = 161*a + 778. What is the thousands digit of o(23)?
4
Let w = 51 - -46. Let a = 40 - 26. What is the hundreds digit of w + ((-8)/a)/((-5)/35)?
1
Let m(l) = 484*l + 2113. What is the thousands digit of m(7)?
5
Let v = 565 - 1328. Let g = 1950 + v. What is the units digit of g?
7
Let s = 25431 + -17904. What is the hundreds digit of s?
5
Let c be 2/(-1 - 16/(-12)). Suppose -p - c = -7*m + 4*m, p - m = -2. Suppose p = -4*t - 20, 4*x - 702 = 6*t - 8*t. What is the units digit of x?
8
Suppose -3*j + 4 + 11 = 0. Suppose i + 2*l = 22 + 111, j*i - 5*l = 605. What is the units digit of i?
5
Let u(p) = -76*p + 3. Let k be u(-1). Suppose g = -4*r + k, 3*g = -r + 4*r + 297. Suppose -4*s + g = 4*t - 89, s - t - 40 = 0. What is the units digit of s?
3
Suppose 2*x = -5*z - 141, 0*z - 2*x = -3*z - 91. Let i = -28 - z. What is the hundreds digit of (-621)/(-4) + i/(-12)*3?
1
Let y = -317 + 351. Suppose -y*n = -26*n - 2368. What is the hundreds digit of n?
2
Suppose 5*n = 61*t - 63*t + 7783, 4*n - 15584 = -4*t. What is the tens digit of t?
9
Let p(g) = g**2 + 8*g + 31. Let w be p(-5). Suppose 227 = -15*n + w*n. What is the hundreds digit of n?
2
Let c be 6/4*6*(-4)/(-12). Suppose -c*w + 18 + 29 = z, -4*z = 2*w - 138. What is the tens digit of z?
3
Suppose -p + 49720 = 4*k, 795*p + 16 = 791*p. What is the thousands digit of k?
2
Let p(h) = -h**3 + 3*h**2 - 6*h + 13. Suppose -24 = -4*b + 8*b. What is the tens digit of p(b)?
7
Suppose 3*h + 5*i - 6*i - 14796 = 0, 2*i - 12 = 0. What is the units digit of h?
4
Suppose 3 = j - 3*y - 78, y = 5*j - 433. Let l = 191 - j. Suppose -i + l + 11 = 0. What is the tens digit of i?
1
Let z = -83 - -52. Let m = 1 - z. Suppose -1140 = -38*b + m*b. What is the tens digit of b?
9
Let l = -38351 - -81967. What is the hundreds digit of l?
6
Let l be (0 + (-11)/4)*(-43 - -39). Suppose -2*x + 567 - 27 = 0. Suppose l*w + x - 1348 = 0. What is the tens digit of w?
9
Suppose -2*g + 9812 = 2*u, 2 = 102*u - 104*u. What is the tens digit of g?
0
Suppose -5*g + 4*y = -348571, 3*g + 2*y - 149568 = 59557. What is the tens digit of g?
1
Let s(g) = 2*g**3 - 136*g**2 + 291*g + 200. What is the hundreds digit of s(66)?
9
Let c(y) be the second derivative of y**7/63 - y**6/360 - y**5/60 - 5*y**4/6 + 22*y. Let w(z) be the third derivative of c(z). What is the units digit of w(2)?
4
What is the tens digit of -4*((-51510)/40 + -2 + -3)?
7
What is the tens digit of 15066 + (30/(-12) - -3)/((-3)/(-30))?
7
Suppose -325 = -10*x + 775. Let p = -2 - -5. Suppose -u - k + 118 = 4*k, u + p*k = x. What is the units digit of u?
8
Let c(n) = -n**3 + 16*n**2 - 8*n + 60. Let m be 2 + (51/3 - (6 + -2)). What is the tens digit of c(m)?
6
Suppose -20*r - 14*r + 6007 = -75865. What is the hundreds digit of r?
4
Suppose 0 = 2*t - b - 4, -5*t - 3*b - 12 = 0. Let q(r) = -2*r**2 - 8*r + 22. Let f be q(5). Let w = t - f. What is the units digit of w?
8
Let y be (36/(-15))/((36/(-80))/3). What is the tens digit of (-2 + y/5)/((-10)/(-2425))?
9
Suppose -3*n = 55*i - 50*i - 61, -2*i + 10 = 0. Suppose 9*h = n*h - 1704. What is the tens digit of h?
6
Suppose 17*z - 13*z = 40. Suppose -z*q - 1658 - 4972 = 0. Let l = -380 - q. What is the tens digit of l?
8
Let r = -8 - -11. Suppose r*y = -0 + 12. Suppose y*w - 276 = -0*w. What is the tens digit of w?
6
Let o(s) = -2*s**3 - 64*s**2 + s + 33. Let p be o(-32). What is the hundreds digit of (217/(-28) - -7)/(p/(-264))?
1
Let a = 56 + -70. Let s be -139*24/a - (-4)/(-14). Suppose s = 4*b + 5*w - 405, 4*w - 806 = -5*b. What is the hundreds digit of b?
1
Let c(h) = -7*h**2 + 20*h - 14. Let o be c(17). Let s = -329 - o. Suppose 6*f - s = -6*f. What is the hundreds digit of f?
1
Let a(u) = u**2 + 18*u - 114. Suppose 0*r + 495 = 15*r. What is the hundreds digit of a(r)?
5
Suppose 2*z = 4*z - 6. Suppose x - 6 = -2*j + 3, -5*j + z = -4*x. Suppose -4*i = 16, j*v + 84 = 4*i + 493. What is the tens digit of v?
3
Suppose 15*g - 507355 + 51535 = 0. What is the ten thousands digit of g?
3
Let j = 137 + -129. Let x(c) = 8*c**2 - 9*c + 4. Let s(h) = -17*h**2 + 17*h - 7. Let y(b) = 4*s(b) + 9*x(b). What is the units digit of y(j)?
0
Suppose -3607*k = -3613*k + 68148. What is the tens digit of k?
5
Let w(c) = 14*c**2 + 3*c + 1. Let q = 44 - 98. Let j = 50 + q. What is the hundreds digit of w(j)?
2
Suppose 0 = -o - 0*o + 310. Suppose 3*d = 4*u - 1765, -4*u + 46 = 3*d - 1701. Let w = u - o. What is the tens digit of w?
2
Let w be (-308)/(-70) + (32/20 - 1). Suppose -5*k - u + 419 = 0, 9*u - 4*u = w*k - 395. What is the tens digit of k?
8
What is the tens digit of 780/(-585)*(-9589 + (-3 - -1))?
8
What is the tens digit of (5788*(-19)/((-114)/4))/((-2)/(-3))?
8
What is the ten thousands digit of -3*(1057112/(-24))/7?
1
Let l(b) = 2*b**2 + 9*b + 1. Let t be l(-2). What is the hundreds digit of (275 - -18) + (-12)/t*3?
2
Suppose 0*z = 2*z - 2, -3*f + 114 = -3*z. Let k = f - 36. Suppose -4*t = -5*q - 420, 2*t - 83 = -k*q + 105. What is the hundreds digit of t?
1
Let p(d) be the third derivative of -d**5/30 + 4*d**4 - 9*d**3 - 73*d**2. What is the hundreds digit of p(44)?
2
Suppose 4*o = -132 - 388. Let r(v) = -2*v + 223. Let h be r(0). Let z = o + h. What is the units digit of z?
3
Let o(n) = -n - 9. Let a(x) = -x**2 + 12*x - 14. Let w be a(12). Let q be o(w). Suppose q*h - 590 = -5*b, 6*b - 3*b = -5*h + 358. What is the units digit of b?
6
Let o(a) = 9*a + 31. Let c be o(-3). Suppose c*w - 2456 = 2*l, 2*w - 609 = w + 3*l. What is the units digit of w?
5
Let l(i) = -i**2 + 3*i + 12. Let w be l(5). Suppose w - 7 = -v. Suppose -2*h + 383 = 2*h + 3*x, 3*h - v*x = 251. What is the units digit of h?
2
What is the thousands digit of (64*226/(-20))/((-2)/145)?
2
Suppose 0 = -3*o + 4*o. Suppose 3*l = -o*l + 15. Suppose l*v + 162 = -5*q + 632, v = 4*q - 401. What is the tens digit of q?
9
Let j be (-2968)/11 - (-7)/(-308)*8. What is the tens digit of (-21)/(1*9/j)?
3
Let a = 20397 - 13995. What is the units digit of a?
2
Let i = 844 + 438. What is the tens digit of i?
8
Suppose -15*m + 56*m = 274659. What is the units digit of 0*(-1)/2 + m/7?
7
Let x = 11 - 17. Let a(v) = v - 1. Let k(b) = 2*b**2 + 3*b - 2. Let h(j) = -5*a(j) + k(j). What is the tens digit of h(x)?
8
Let k be 2/(-10) - 0 - (-11590)/(-50). What is the units digit of (3/(-4))/((-462)/k - 2)?
7
Let l(f) = -47*f**2 - 49*f + 2. Let o be l(-5). Let d = o + 2112. What is the hundreds digit of d?
1
Suppose -3*y = -3*o + 3909, 4*o - 5*y = 2766 + 2444. What is the tens digit of o?
0
Suppose -95*z - 400 = -85*z. Let r(l) = l**3 + 42*l**2 + 69*l + 40. What is the tens digit of r(z)?
8
Let z(c) = -c**3 - 3*c**2 + 17*c. Let t be z(-7). Let j = t + -72. Suppose -3*m = -4*o + 355, 435 = j*o + m + 4*m. What is the tens digit of o?
8
What is the thousands digit of 2 + 41054/16 + 25/(-3800)*-19?
2
Let p(m) = -21*m + 6. Let d be p(-1). Let k = d + -21. What is the units digit of k + -2 + 2 + -2?
4
Suppose -w + 1350 = 5*s - 6466, 5*w = s + 39210. What is the hundreds digit of w?
8
Suppose -85*f - 688626 = -286*f. What is the tens digit of f?
2
Suppose -10*z + 7*z - 40 = 2*m, 4*m + 56 = -4*z. Let p(v) = -v**3 - 8*v**2 + 12*v + 4. What is the units digit of p(z)?
6
Suppose -10*z + 27 = 107. Let s(q) = -2*q**3 - 13*q**2 - 4*q - 17. What is the tens digit of s(z)?
0
Let o(t) = -30*t - 92. Let s(v) = 32*v + 92. Let c(f) = 2*o(f) + 3*s(f). What is the hundreds digit of c(10)?
4
Let i = -196 - -176. Let m(d) = -25*d - 60. What is the hundreds digit of m(i)?
4
Suppose -4*j - 2*f + 29 = 7, 18 = j - 2*f. Let y(u) = 34*u + 8*u - 17*u + 30*u - j. What is the units digit of y(2)?
2
Suppose 3*o = 12 - 6. Suppose 0*u - l - 277 = o*u, -134 = u + 5*l. Let v = 281 + u. What is the units digit of v?
2
Let t = 307 + -288. Suppose 11832 = 10*h + t*h. What is the units digit of h?
8
Let u(v) = -6164*v - 96. What is the tens digit of u(-1)?
6
Let z(q) be the first 